*p**2 + 23*p - 12. What is h(11)?
-1
Let y(m) = 3*m - 1. Determine y(-6).
-19
Let t(o) = 4*o**2 + 45*o + 13. What is t(-11)?
2
Let k(f) = f**3 + 4*f**2 - f + 13. What is k(-5)?
-7
Let t(c) = 14*c + 1. What is t(2)?
29
Let p(y) = -y**3 - 9*y**2 - 7*y - 1. Determine p(-8).
-9
Let s(l) = -2*l - 55. What is s(-25)?
-5
Let c(z) = -z**2 - 8*z + 2. What is c(-6)?
14
Let c(y) = -4*y**3 - 4*y**2 + y + 3. What is c(2)?
-43
Let j(g) = 3*g**2 + 12*g - 15. Determine j(-7).
48
Let g(v) = -v**3 + 8*v**2 - 10*v - 9. Give g(6).
3
Let m(k) = k**3 - 17*k**2 + 43*k + 6. What is m(14)?
20
Let g(t) = t**2 - 10*t - 7. What is g(11)?
4
Let z(t) = -17*t - 1. Determine z(1).
-18
Let i(p) = p**3 - 8*p**2 + 13*p + 2. Give i(5).
-8
Let t(k) = -6*k**2 + 5*k + 4. Calculate t(3).
-35
Let g(c) = 2*c**3 - 12*c**2 - 4*c + 4. What is g(6)?
-20
Let c(d) = d**3 + 6*d**2 - 5*d + 4. Give c(-7).
-10
Let o(u) = -34*u - 3. What is o(0)?
-3
Let q(p) = 3*p - 19. Calculate q(11).
14
Let w(x) = x**2 + 2. What is w(-2)?
6
Let n(b) = b**2 - 7*b + 18. Calculate n(4).
6
Let d(v) = -6*v - 124. Give d(-20).
-4
Let v(o) = -3*o - 46. Determine v(-16).
2
Let p(t) = 2*t**2 + 3*t + 1. Calculate p(4).
45
Let v(p) = p**2 + 10*p + 15. Calculate v(-11).
26
Let j(t) = t**3 + 9*t**2 + 16*t + 9. What is j(-6)?
21
Let w(o) = o**2 + 33*o + 270. What is w(-17)?
-2
Let w(j) = j**2 - 33*j + 3. Determine w(33).
3
Let x(r) = -r**2 + 11*r - 37. Give x(3).
-13
Let k(o) = o**3 + 2*o**2 - o - 6. Determine k(3).
36
Let z(d) = 6*d**2 - d + 1. Give z(-2).
27
Let k(s) = s**3 + 9*s**2 + 5*s - 19. What is k(-8)?
5
Let j(o) = -18*o**2 + 2*o - 8. Calculate j(3).
-164
Let f(s) = -3*s - 1. Determine f(0).
-1
Let j(z) = 5*z - 98. Give j(0).
-98
Let h(t) = 13*t + 146. Calculate h(-11).
3
Let c(a) = a**3 - 6*a**2 - a + 7. Give c(6).
1
Let s(j) = -4*j + 36. What is s(10)?
-4
Let x(i) = -i - 4. Give x(-2).
-2
Let c(d) = -39*d**3 + d**2. Determine c(1).
-38
Let y(r) = r**3 + 14*r**2 + 16*r - 3. Determine y(-13).
-42
Let q(b) = 44*b - 181. Calculate q(4).
-5
Let p(c) = 19*c**3 + 3*c - 2. Give p(1).
20
Let d(l) = -16*l + 61. Determine d(3).
13
Let l(n) = -n**2 - n + 1. Determine l(1).
-1
Let k(f) = 3*f**2 - 34*f + 17. Give k(11).
6
Let x(n) = 6*n**2 + 8*n + 10. What is x(-3)?
40
Let i(j) = 2*j**2 + 12*j - 2. Determine i(-8).
30
Let y(t) = -t**3 - 8*t**2 - 17*t - 29. Determine y(-6).
1
Let w(n) = -n**3 + 6*n**2 + 41. Give w(7).
-8
Let o(u) = -8*u**3 - 2*u + 2. Determine o(1).
-8
Let a(r) = -r**2 + 4*r + 11. Determine a(7).
-10
Let p(g) = 5*g**3 - 24*g**2 + 6*g - 6. What is p(5)?
49
Let y(b) = -4*b**2 - 2*b - 1. Calculate y(-2).
-13
Let m(o) = -2*o + 18. Give m(12).
-6
Let m(b) = b**2 + 2*b + 1. What is m(-4)?
9
Let u(l) = -l**2 + 6*l + 7. Calculate u(6).
7
Let l(o) = -4*o - 6. What is l(-17)?
62
Let g(c) = c + 6. Determine g(-12).
-6
Let g(t) = 10*t + 31. Calculate g(-4).
-9
Let g(o) = o**2 - 5*o + 17. Determine g(0).
17
Let m(i) = -i + 7. Give m(11).
-4
Let v(b) = 5*b - 143. What is v(19)?
-48
Let v(l) = l**2 - 3*l - 44. Calculate v(-6).
10
Let n(y) = -2*y - 6. Calculate n(9).
-24
Let i(z) = 90*z - 1. Determine i(1).
89
Let o(r) = 27*r**2 + r - 2. Determine o(1).
26
Let b(q) = q**3 + 21*q**2 + 26*q + 15. What is b(-20)?
-105
Let r(j) = -j**2 - 2*j - 14. Determine r(0).
-14
Let x(m) = m**3 - 11*m**2 + 10*m + 14. What is x(10)?
14
Let x(b) = b**2 + 21*b - 28. Calculate x(-22).
-6
Let o(w) = w**3 - 4*w**2 - 3*w. Calculate o(5).
10
Let a(i) = -17*i - 3. Calculate a(-4).
65
Let g(h) = -h**3 - 14*h**2 + 50*h - 23. Calculate g(-17).
-6
Let x(h) = -7*h**2 + h + 1. Calculate x(-2).
-29
Let o(g) = 25*g**3 + g**2 + 6*g - 8. Determine o(1).
24
Let n(d) = -12*d - 114. Give n(-10).
6
Let a(d) = 2*d**2 + 6*d - 21. Determine a(6).
87
Let r(b) = 43*b - 175. Calculate r(4).
-3
Let s(r) = -r**3 - 2*r**2 - 5*r + 5. Give s(-3).
29
Let j(b) = 5*b + 17. Give j(-4).
-3
Let j(w) = -w**2 + 4*w + 55. What is j(-6)?
-5
Let j(k) = -k**3 - 28*k**2 + 26*k - 66. What is j(-29)?
21
Let u(f) = -f**3 - 6*f**2 - 2. Determine u(-6).
-2
Let t(p) = -3*p**2 - 13*p - 12. What is t(-4)?
-8
Let g(q) = 8*q**2 - 2*q - 2. Give g(-1).
8
Let i(s) = -5*s + 24. Determine i(10).
-26
Let o(u) = u + 11. What is o(-7)?
4
Let x(u) = 86*u**2 + u. Calculate x(-1).
85
Let i(n) = n**2 + 8*n - 7. Calculate i(-6).
-19
Let s(v) = -26*v**2 - v. Give s(1).
-27
Let x(m) = -2*m + 8. Calculate x(3).
2
Let m(b) = -b**2 - 104*b + 900. Determine m(8).
4
Let h(u) = -u**3 + 2*u**2 + 3*u - 2. Calculate h(3).
-2
Let h(d) = -d**2 + 43*d - 73. Give h(41).
9
Let p(z) = -z**3 - z**2 + 16*z - 35. Determine p(3).
-23
Let x(s) = -4*s - 39. Give x(-4).
-23
Let n(v) = 2*v + 17. Give n(-5).
7
Let o(q) = -q**2 - 23. Determine o(0).
-23
Let v(o) = o**2 - 7. Calculate v(4).
9
Let i(x) = -x**2 + 3*x - 9. What is i(0)?
-9
Let m(q) = q**2 - 2*q + 9. What is m(0)?
9
Let a(h) = h**3 + 3*h**2 - 2*h + 2. Give a(-5).
-38
Let c(u) = -6*u**2 + 10*u - 19. What is c(4)?
-75
Let r(z) = z**2 - 9*z - 93. Calculate r(15).
-3
Let i(q) = 18*q + 28. What is i(-3)?
-26
Let h(w) = w**3 + 3*w + 6. Determine h(0).
6
Let c(f) = -f**2 + 6*f - 3. What is c(7)?
-10
Let k(z) = -4*z + 13. Give k(3).
1
Let x(n) = -58*n - 172. Determine x(-3).
2
Let z(h) = -3*h + 10. Determine z(-3).
19
Let v(s) = 3*s - 22. Calculate v(8).
2
Let k(t) = -t + 1. Give k(9).
-8
Let w(q) = -4*q - 10. What is w(-3)?
2
Let l(t) = t**3 - 6*t**2 + t - 11. Give l(6).
-5
Let j(w) = -w**3 - 6*w**2 + w. Calculate j(-6).
-6
Let h(d) = d**3 - 2*d**2 - 4*d + 2. Calculate h(4).
18
Let i(y) = y**3 - 11*y**2 + 5*y + 20. What is i(10)?
-30
Let r(v) = 15*v + 57. Determine r(-4).
-3
Let d(v) = -v**2 + 34*v + 163. What is d(38)?
11
Let d(v) = 9*v + 4. What is d(-3)?
-23
Let y(w) = w**3 - 6*w**2 - 6*w - 14. What is y(7)?
-7
Let j(u) = u - 44. What is j(41)?
-3
Let k(q) = 2*q - 1. What is k(9)?
17
Let j(u) = u**3 - 5*u**2 - u - 7. Calculate j(5).
-12
Let q(p) = 4*p + 13. Determine q(-3).
1
Let n(s) = s - 9. Calculate n(10).
1
Let t(n) = -n**3 + 10*n**2 - 8*n - 5. Determine t(8).
59
Let u(i) = -i**2 + 2*i + 6. Give u(-4).
-18
Let o(p) = -p**3 - 30*p**2 - 29*p - 2. Determine o(-29).
-2
Let q(w) = -2*w - 49. Calculate q(-23).
-3
Let p(k) = k + 7. Determine p(-20).
-13
Let n(g) = -3*g + 4. Determine n(-1).
7
Let d(l) = l**2 - 20*l + 104. Determine d(9).
5
Let b(x) = -2*x + 1. What is b(2)?
-3
Let n(f) = f**3 + 13*f**2 - 11*f + 18. Determine n(-14).
-24
Let q(l) = -4*l + 71. Calculate q(17).
3
Let m(z) = z**2 + 6*z - 40. What is m(4)?
0
Let f(d) = d**2 - 8*d + 10. What is f(-6)?
94
Let p(o) = -4*o + 89. What is p(-13)?
141
Let p(k) = 2*k - 5. Determine p(7).
9
Let t(x) = x**3 + 21*x**2 - 25*x - 22. Determine t(-22).
44
Let w(l) = -88*l**2 - 9*l + 7. Determine w(1).
-90
Let t(u) = u**2 + 21*u + 9. Determine t(-13).
-95
Let s(x) = -2*x - 15. Calculate s(-9).
3
Let x(p) = -31*p + 522. Determine x(16).
26
Let x(s) = -s**2 - s. Determine x(3).
-12
Let j(z) = -z**3 + 3*z**2 + 8*z - 5. What is j(5)?
-15
Let q(l) = -32*l - 62. Calculate q(-2).
2
Let q(h) = h**2 + 104*h + 865. What is q(-9)?
10
Let l(i) = -2*i**2 + 19*i + 5. Determine l(6).
47
Let m(h) = 2*h + 4. What is m(-14)?
-24
Let o(t) = -7*t - 399. Determine o(-56).
-7
Let h(n) = -2*n**3 - 17*n**2 - 13*n - 2. Calculate h(-6).
-104
Let n(u) = -u**2 + u - 5. What is n(0)?
-5
Let b(a) = a + 3. Give b(-11).
-8
Let c(u) = -23*u + 5. Calculate c(3).
-64
Let y(m) = m**3 + 5*m**2 - 11*m + 38. What is y(-7)?
17
Let p(f) = f**2 + f - 3. Calculate p(4).
17
Let o(h) = 3*h**2 - 39*h + 35. Calculate o(12).
-1
Let c(n) = n**2 + 6*n + 2. What is c(-5)?
-3
Let s(h) = h**2 - 19*h + 3. Calculate s(17).
-31
Let j(i) = -i**3 + 19*i**2. Determine j(19).
0
Let u(t) = t**3 - 7*t**2 + 5*t + 2. Determine u(6).
-4
Let m(c) = c**2 + 2*c. Determine m(-6).
24
Let i(q) = -5*q**3 + 2*q**2 - 2. Give i(1).
-5
Let l(t) = -t**2 + 17*t - 13. Calculate l(17).
-13
Let l(w) = 2*w**2 + 4*w - 44. Determine l(5).
26
Let s(a) = 2*a**3 + 19*a**2 + 44*a - 2. Determine s(-6).
-14
Let n(r) = 4*r**2 - r. What is n(-1)?
5
Let a(o) = 5*o**2 + 5*o - 8. Give a(3).
52
Let i(y) = 2*y**2 + 6*y + 3. Determine i(-8).
83
Let w(p) = p + 27. What is w(-19)?
8
Let a(x) = -3*x + 87. Calculate a(25).
12
Let h(l) = -6*l + 17. Determine h(-8).
65
Let m(u) = 4*u**3 + 2*u**2 - u. Give m(-2).
-22
Let q(j) = j**2